igit of 7219541?
9
What is the units digit of 61986?
6
What is the thousands digit of 781168?
1
What is the ten thousands digit of 127731?
2
What is the hundreds digit of 1316373?
3
What is the thousands digit of 116883?
6
What is the units digit of 3489922?
2
What is the hundred thousands digit of 25372097?
3
What is the ten thousands digit of 248306?
4
What is the millions digit of 9868442?
9
What is the millions digit of 5626237?
5
What is the thousands digit of 647910?
7
What is the thousands digit of 399287?
9
What is the hundreds digit of 2361732?
7
What is the millions digit of 7437898?
7
What is the units digit of 1666569?
9
What is the tens digit of 2880711?
1
What is the ten thousands digit of 788360?
8
What is the millions digit of 5411860?
5
What is the ten thousands digit of 6786452?
8
What is the hundred thousands digit of 234040?
2
What is the hundreds digit of 5344975?
9
What is the tens digit of 326322?
2
What is the hundreds digit of 420523?
5
What is the units digit of 648585?
5
What is the ten thousands digit of 1959267?
5
What is the hundred thousands digit of 121013?
1
What is the tens digit of 4178892?
9
What is the millions digit of 9874563?
9
What is the thousands digit of 1115538?
5
What is the hundreds digit of 12073435?
4
What is the tens digit of 64309?
0
What is the hundreds digit of 3294228?
2
What is the thousands digit of 95355?
5
What is the ten thousands digit of 100991?
0
What is the ten thousands digit of 263346?
6
What is the hundred thousands digit of 1508282?
5
What is the units digit of 15297900?
0
What is the hundreds digit of 1065641?
6
What is the units digit of 4141722?
2
What is the ten thousands digit of 9542851?
4
What is the units digit of 33970391?
1
What is the thousands digit of 625506?
5
What is the units digit of 1638443?
3
What is the hundreds digit of 2261280?
2
What is the tens digit of 6545131?
3
What is the units digit of 5695750?
0
What is the hundred thousands digit of 112196?
1
What is the thousands digit of 1028871?
8
What is the ten thousands digit of 14030961?
3
What is the thousands digit of 319142?
9
What is the hundreds digit of 1634724?
7
What is the hundred thousands digit of 1977601?
9
What is the hundreds digit of 65791?
7
What is the thousands digit of 50110?
0
What is the hundreds digit of 216959?
9
What is the units digit of 78650?
0
What is the thousands digit of 651832?
1
What is the tens digit of 8363286?
8
What is the thousands digit of 456633?
6
What is the hundred thousands digit of 256604?
2
What is the tens digit of 137698?
9
What is the hundred thousands digit of 794905?
7
What is the units digit of 10814?
4
What is the hundreds digit of 182598?
5
What is the hundred thousands digit of 8658399?
6
What is the millions digit of 1432984?
1
What is the ten thousands digit of 131877?
3
What is the ten thousands digit of 23185955?
8
What is the tens digit of 285337?
3
What is the hundred thousands digit of 965762?
9
What is the units digit of 1783254?
4
What is the units digit of 196129?
9
What is the thousands digit of 84587?
4
What is the ten thousands digit of 5645074?
4
What is the tens digit of 1964504?
0
What is the units digit of 3901020?
0
What is the tens digit of 4870168?
6
What is the units digit of 320915?
5
What is the thousands digit of 860305?
0
What is the tens digit of 382116?
1
What is the ten thousands digit of 1111760?
1
What is the ten thousands digit of 13662546?
6
What is the hundreds digit of 9967431?
4
What is the ten thousands digit of 8525491?
2
What is the hundreds digit of 16101962?
9
What is the hundred thousands digit of 101200?
1
What is the hundreds digit of 1888469?
4
What is the tens digit of 616222?
2
What is the millions digit of 7644311?
7
What is the hundreds digit of 3531183?
1
What is the units digit of 2991420?
0
What is the units digit of 3884936?
6
What is the ten thousands digit of 279763?
7
What is the units digit of 1110796?
6
What is the tens digit of 3089539?
3
What is the hundreds digit of 21725538?
5
What is the ten thousands digit of 971703?
7
What is the hundreds digit of 2328673?
6
What is the hundreds digit of 662157?
1
What is the hundred thousands digit of 1008110?
0
What is the thousands digit of 732046?
2
What is the thousands digit of 9084322?
4
What is the hundred thousands digit of 970571?
9
What is the tens digit of 1391671?
7
What is the hundred thousands digit of 734359?
7
What is the tens digit of 666413?
1
What is the hundreds digit of 9713392?
3
What is the thousands digit of 31163835?
3
What is the tens digit of 10323?
2
What is the hundreds digit of 317377?
3
What is the hundreds digit of 116273?
2
What is the hundred thousands digit of 1432751?
4
What is the units digit of 234138?
8
What is the units digit of 789228?
8
What is the thousands digit of 2765223?
5
What is the tens digit of 1062605?
0
What is the thousands digit of 15278706?
8
What is the ten thousands digit of 626778?
2
What is the hundreds digit of 3662597?
5
What is the hundred thousands digit of 307403?
3
What is the thousands digit of 926263?
6
What is the hundred thousands digit of 200961?
2
What is the tens digit of 156193?
9
What is the hundreds digit of 523793?
7
What is the units digit of 1439072?
2
What is the hundreds digit of 9980788?
7
What is the hundred thousands digit of 474698?
4
What is the ten thousands digit of 592656?
9
What is the thousands digit of 585540?
5
What is the hundred thousands digit of 249638?
2
What is the millions digit of 6675858?
6
What is the tens digit of 12466672?
7
What is the tens digit of 6877610?
1
What is the tens digit of 1442005?
0
What is the hundreds digit of 269277?
2
What is the hundreds digit of 551392?
3
What is the units digit of 4611407?
7
What is the units digit of 518812?
2
What is the millions digit of 11518396?
1
What is the units digit of 4475450?
0
What is the hundreds digit of 10824928?
9
What is the thousands digit of 417111?
7
What is the units digit of 13086487?
7
What is the hundreds digit of 15003579?
5
What is the hundreds digit of 51388?
3
What is the tens digit of 438521?
2
What is the units digit of 4415196?
6
What is the hundreds digit of 1234151?
1
What is the units digit of 49508?
8
What is the thousands digit of 115550?
5
What is the tens digit of 2332586?
8
What is the hundreds digit of 21525157?
1
What is the thousands digit of 2840259?
0
What is the hundreds digit of 561145?
1
What is the tens digit of 37387?
8
What is the ten thousands digit of 552964?
5
What is the hundreds digit of 5267964?
9
What is the millions digit of 18168081?
8
What is the millions digit of 26912260?
6
What is the tens digit of 889171?
7
What is the hundreds digit of 210508?
5
What is the thousands digit of 57447?
7
What is the thousands digit of 281034?
1
What is the ten millions digit of 10270356?
1
What is the hundred thousands digit of 7780785?
7
What is the thousands digit of 6737624?
7
What is the ten millions digit of 17858192?
1
What is the ten millions digit of 10886931?
1
What is the units digit of 569863?
3
What is the hundreds digit of 188838?
8
What is the hundreds digit of 4300238?
2
What is the units digit of 1766338?
8
What is the thousands digit of 317519?
7
What is the hundreds digit of 6976359?
3
What is the ten thousands digit of 2131828?
3
What is the units digit of 29528?
8
What is the units digit of 1098870?
0
What is the hundreds digit of 1060153?
1
What is the units digit of 1671069?
9
What is the millions digit of 17498359?
7
What is the hundred thousands digit of 13378232?
3
What is the units digit of 1915655?
5
What is the hundreds digit of 907197?
1
What is the ten thousands digit of 1008301?
0
What is the units digit of 3029699?
9
What is the units digit of 17494843?
3
What is the thousands digit of 1365368?
5
What is the ten thousands digit of 225695?
2
What is the units digit of 493262?
2
What is the hundred thousands digit of 15258810?
2
What is the ten thousands digit of 177972?
7
What is the hundred thousands digit of 5105000?
1
What is the thousands digit of 3859823?
9
What is the hundreds digit of 161336?
3
What is the thousands digit of 288681?
8
What is the hundred thousands digit of 1051336?
0
What is the tens digit of 31483?
8
What is t